 5*w - 1. What is h(p)?
-6
Let f(m) = -3*m**2 - 2*m - 4. Let w(d) = -3*d**2 - d - 5. Let u(b) = 3*f(b) - 2*w(b). Let a be (4/10)/(2/(-10)). What is u(a)?
-6
Let g = -13 + 21. Let m = 5 - g. Let o(n) be the third derivative of n**6/120 + n**5/20 + n**4/24 + n**3/6 - n**2. Calculate o(m).
-2
Let y(h) = -4*h + 4. Let a(s) = -5*s + 4. Let t(g) = 3*a(g) - 4*y(g). Give t(3).
-1
Let f(i) = -i + 13. Let k = 53 + -41. Give f(k).
1
Suppose -5*g = -4 - 1. Let i(d) = -6*d**3 - 3*d - 4. Let r(y) = 11*y**3 + 5*y + 7. Let w(z) = -5*i(z) - 3*r(z). What is w(g)?
-4
Let u = 1 + 0. Let j(k) = k**2 + 1. Let t(l) = 2*l**2 - l - 5. Let y(f) = 6*j(f) + t(f). Determine y(u).
8
Let o(b) be the second derivative of -b**4/12 + b**3/6 + 2*b**2 - 21*b. Calculate o(0).
4
Let c = -3 + 8. Let p(m) = m - 7. Calculate p(c).
-2
Let c(x) = 4 + 5*x - 2 - 1. Let u(o) = -o + 2. Let s be u(4). Determine c(s).
-9
Let v(c) = -c**2 + 5*c + 9. Let p be v(7). Let f(t) be the third derivative of t**5/60 + t**4/8 - 5*t**3/6 - 7*t**2. What is f(p)?
5
Suppose 0 = -3*d - a + 3, 21 = 3*d - 5*a. Suppose 0 = -2*r - d*r - 12. Let b(y) be the first derivative of -y**3/3 - 5*y**2/2 - 4*y + 1. Give b(r).
2
Suppose 3*c = -4*d + d + 18, 0 = -3*c + 9. Let w(o) = o**2 - 7*o + 4. Calculate w(d).
-8
Suppose 0 = -3*z + 11 + 19. Let g = 14 - z. Let q(k) = -2*k**2 + 10*k. Let c(r) = r**2 - 5*r. Let p(h) = -5*c(h) - 3*q(h). What is p(g)?
-4
Let u(b) = b + 1. Let o(x) = 2*x + 1. Let f be 2/(-13) - 111/39. Let c(q) = f*o(q) + 7*u(q). Give c(-3).
1
Let k(r) = 19 - r + r**3 - 3*r**2 - 11 - 12. Calculate k(3).
-7
Let j(a) = a**3 - 3*a**2 + a + 2. Let b be j(2). Let d(i) be the first derivative of 3*i**2 - 4*i**2 + 3*i - 2 + b*i**2 + 2*i**2. Determine d(-2).
-1
Let i(k) be the third derivative of -k**7/280 + k**5/120 - k**4/8 + k**2. Let u(w) be the second derivative of i(w). Determine u(1).
-8
Let s be (-3 + 0)*(-1)/6. Let x(l) be the second derivative of 1/4*l**4 + 1/20*l**5 + 3/2*l**2 + 0 - l + s*l**3. Calculate x(-2).
1
Let b(t) = -t. Let f(w) be the third derivative of 2/3*w**3 - 5/12*w**4 - 4*w**2 + 0 - 1/60*w**5 + 0*w. Let m be f(-10). Calculate b(m).
-4
Let k(z) = 2*z + 0 + z + 2. Suppose -3*l - 16 = -5*m, 5*l + 8 = -0*l - m. Let o = l - 1. What is k(o)?
-7
Suppose -4*j - 2*c + 108 = -62, 4 = 4*c. Let i be 24/j + 3/7. Let u(g) = g + 1. Calculate u(i).
2
Let c(h) = -h + 8. Let f(b) = -b**3 + 13*b**2 - 13*b + 19. Let p be f(12). Give c(p).
1
Let h(n) = -n**2 - 7*n - 4. Let v be h(-5). Suppose 0*m - v = 3*m. Let g(p) = -2*p**3 - p**2 + 3*p + 2. What is g(m)?
8
Let c(b) = -b + 1. Suppose 10 = -s + 3*s. Calculate c(s).
-4
Let k(u) = -9*u - 1 + 5*u - 10*u. Let b = -54 - -53. Calculate k(b).
13
Let d = 3 + -5. Let w = 2 - d. Let a(k) = -10*k. Let o(s) = -7*s. Let m(v) = -5*a(v) + 7*o(v). Determine m(w).
4
Suppose -3*a + 2 = -1. Let q(u) = -2*u + 4 + u - a + 2*u. Let h be q(-4). Let y(w) = 12*w**3 + w**2 + w + 1. What is y(h)?
-11
Let r = -2 - 1. Let l(c) be the first derivative of -3/2*c**2 - 4*c + 6. Calculate l(r).
5
Suppose -25 = -5*h, -2*a + 5 = h - 2. Let o(c) be the second derivative of -2*c**3/3 - c**2/2 - 5*c. What is o(a)?
-5
Let f be (36/10)/((-14)/35). Let o(b) = b**3 + 10*b**2 + 8*b - 13. Give o(f).
-4
Let v(z) be the third derivative of z**4/24 + z**3/6 + 4*z**2. Suppose 0 = 3*g + 2*g + 15. What is v(g)?
-2
Let m(x) be the third derivative of x**6/120 - x**5/10 + x**4/8 + 2*x**3/3 + 62*x**2 - x. Let j be (3 + -2)/(1/5). Calculate m(j).
-6
Suppose 2*p = -2 + 4. Let f(x) be the third derivative of 0 + 1/6*x**3 + 0*x - 1/30*x**5 - 5*x**2 - 1/12*x**4. Give f(p).
-3
Let y = 6 + -9. Let j(n) = -11*n + 3. Let a(z) = -6*z + 2. Let l(x) = 7*a(x) - 4*j(x). What is l(y)?
-4
Let q(a) = -a**3 - a**2 + 2*a + 2. Let y(z) = -1. Let s(c) = q(c) + 6*y(c). Let l be (0 + -3)/(3/(-2)). Let o be -1*(7 - 2 - l). What is s(o)?
8
Let u(m) = -m. Let k be 2 + -5 - 0 - -4. Let b(a) = -a**2 - 8*a - 1. Let r(c) = k*b(c) - 6*u(c). What is r(-1)?
0
Let t(v) = -6*v**2 - 6*v - 11. Let m(w) = -7*w**2 - 7*w - 12. Let s(c) = -5*m(c) + 6*t(c). What is s(0)?
-6
Let t(j) = -j + 2. Let z be t(-2). Suppose 0 = 2*s + 5*v - 7, z*s - s = -4*v. Let g(x) be the first derivative of x**3/3 + 5*x**2/2 - 3*x + 1. What is g(s)?
-7
Let a(w) = -w**3 + 7*w**2 + 3*w + 7. Let d(h) = h**2 + h + 1. Let l(b) = -a(b) + 5*d(b). Determine l(2).
2
Let s(l) = l**2 + 5*l + 6. Let w be s(-4). Let g(t) = -1 + t**w + t**2 + 3*t**2 + 2 - 2*t. What is g(1)?
4
Let v(n) = n + 9. Let k = 134 + -142. What is v(k)?
1
Let u(a) = 23*a**3 + a**2 - 2*a + 1. Let z(n) = -n**3 - 22*n**2 - 41*n - 19. Let f be z(-20). Calculate u(f).
23
Let x(n) = -4*n**2 - n + 3. Let l(m) = 5*m**2 + m - 3. Let o(i) = 3*l(i) + 4*x(i). Give o(3).
-9
Let c = 5 - 5. Suppose -5*k - 5*w + 25 = 0, -5*w + 17 = -c*k - 3*k. Let d be -3 + k - -3 - 6. Let t(u) = u**3 + 6*u**2 + 4*u - 5. Calculate t(d).
0
Let d(q) = -q - 7 + 13 - 7. Determine d(8).
-9
Let c(t) = -t**2 + 14*t - 10. Let w be c(13). Suppose -w = -3*h - 5*z - 0, -1 = -h + 3*z. Let i(n) = -5*n**2 - 2*n + 1. Give i(h).
-6
Suppose 0 = -c + 2 - 0. Let p(w) = w - 2. Give p(c).
0
Let z(r) = -r**3 - 5*r**2 - 6*r - 2. Let q = -26 - -11. Let o = 11 + q. Determine z(o).
6
Let s be 1*(2 + -2 - -1). Let r(j) be the second derivative of j**8/6720 - j**5/120 - j**4/6 - j. Let n(a) be the third derivative of r(a). Calculate n(s).
0
Let l be (-2)/5 - (-132)/(-20). Let c be 2/l + 4/14. Let w(x) = x + 1. Let a(z) = -z**2 - 2*z - 2. Let r(d) = -a(d) - 3*w(d). Give r(c).
-1
Let k(w) = w + 3. Let y be k(-3). Let j(c) be the first derivative of -c**3/3 - c**2/2 - c - 2. Determine j(y).
-1
Let h(i) = -i**2 + 4*i - 3. Let z be h(5). Let y(w) = -w - 8. Give y(z).
0
Let q be 1 + (4 - (-93)/3). Suppose 5*u + u = -q. Let o(k) = 8 + 1 + k - 3. Determine o(u).
0
Suppose 0 = 4*t - 2*z - 28, 4*z + 31 = 3*t - 0*z. Let f(c) = c**2 + c**2 - 2 - t*c**2 + c + 2*c**2. What is f(-3)?
-14
Let q = 14 - 12. Let o be q/(4/(-8) + 1). Let z(x) = -x**2 + 2*x - 2. Give z(o).
-10
Suppose -b = -3*m + 2*b - 6, 3*b = -4*m - 22. Let o be -1 - (2 - 1) - m. Let f(z) = z**2 - z. What is f(o)?
2
Let t(u) = -u**2 + u - 1. Let o = 10 + -6. Let l(n) = n + 6. Let s be l(-5). Let q = o - s. Give t(q).
-7
Let q(o) be the third derivative of -o**9/7560 + o**6/720 - o**5/30 + o**2. Let f(x) be the third derivative of q(x). Calculate f(1).
-7
Let m(s) = -190*s - 2*s**2 + 3*s**2 - 5 + 186*s. Give m(5).
0
Let g(x) = 4 + 5*x**2 - 3*x + 0*x**3 - 6*x**3 + 4*x**3. Determine g(3).
-14
Let o(g) be the second derivative of g**5/20 - g**4/3 + g**3/6 - 12*g. Suppose -5*p = -11 - 9. Determine o(p).
4
Let v(u) = -u**3 + 5*u**2 + 3*u - 5. Let l(o) = -6*o - 13. Let g be l(-3). Determine v(g).
10
Suppose 2*u - 8 = -2*o, -2*o + 3*o - 5*u + 2 = 0. Let i(h) = -h**2 + 5*h - 3. Give i(o).
3
Let h(u) = -16*u**3 - 2*u**2 + 1. Suppose 0 = -0*y - y - 1. What is h(y)?
15
Let d(o) = -o**3 - 4*o**2 - 3*o + 1. Suppose 0*i + 3*i = -c + 6, 0 = -2*c - 3*i + 12. Suppose -c*p = -2*p + 12. Calculate d(p).
1
Let a be 28/(-6) + (-19)/57. Let g(t) = t**3 + 5*t**2 + t - 3. Give g(a).
-8
Let n(k) = k + 19. Let z be n(-21). Let s = 8 + -6. Let a(g) = 0*g**3 - 3*g + 3*g**3 - s - g**2 - 4*g**3. Give a(z).
8
Let f(m) be the third derivative of m**4/24 - 2*m**3 + 117*m**2. Let r = 0 - -5. Determine f(r).
-7
Let t(u) = 6*u - 7*u**2 - u + 6*u**2. Suppose -2*f - 8 = -4*f. Determine t(f).
4
Let w(q) = 2 + 24*q - 2 - 20*q. Give w(3).
12
Let j(r) = -r**2 - 4*r - 3. Let c be j(-2). Let v(p) = 15*p + p - 2*p. Give v(c).
14
Let o(n) = 5*n. Suppose -r = 3*a + 5, -5*a + 4*r = 2*r + 1. Calculate o(a).
-5
Let d(p) be the first derivative of 1/3*p**3 - 4*p + 1/2*p**2 - 4. What is d(-3)?
2
Let f(h) = h - 11. Let k(s) = -s + 5. Let z(r) = -4*f(r) - 9*k(r). Calculate z(1).
4
Let v(h) be the second derivative of -h**4/12 + h**3/2 - h**2 + 17*h. Give v(3).
-2
Let t(m) be the third derivative of -m**4/24 + 7*m**3/3 - 9*m**2. Calculate t(8).
6
Let w(n) = 5*n + 1. Let j(k) = -k**2 - 16*k - 14. Let q be j(-15). What is w(q)?
6
Let l(d) = d**3 - 5*d**2 - 6*d + 3. Let h = -11 - -17. Calculate l(h).
3
Let v(f) = -1. Let n = -11 + 5. Let k(u) = u - 4. Let d(h) = n*v(h) + k(h). Give d(0).
2
Let i(o) = -7*o**2 + 5. Let m(h) = 6*h**2 + h - 4. Let k(w) = 5*i(w) + 6*m(w). Suppose 2*b 